est common factor of 52319 and 189727.
113
What is the greatest common factor of 69761148 and 36?
12
Calculate the greatest common divisor of 45686 and 690484.
106
What is the highest common factor of 22188 and 12474687?
129
Calculate the highest common factor of 73722894 and 12.
6
Calculate the greatest common factor of 775191879 and 369.
369
What is the highest common divisor of 15392269 and 73?
73
Calculate the highest common factor of 314106 and 48711.
39
What is the greatest common divisor of 1110 and 2492505?
555
Calculate the greatest common factor of 11265648 and 1244592.
3216
Calculate the highest common divisor of 70070 and 64870520.
1430
What is the highest common factor of 3591118 and 4?
2
Calculate the highest common divisor of 4300 and 262954675.
1075
What is the greatest common factor of 46488 and 7325734?
3874
Calculate the greatest common factor of 4437 and 7871.
17
What is the highest common divisor of 111 and 1722276?
111
What is the greatest common divisor of 1896147 and 26532?
99
What is the highest common factor of 596 and 8004131?
149
Calculate the greatest common divisor of 344 and 7980886.
86
Calculate the highest common divisor of 100 and 61152650.
50
Calculate the greatest common divisor of 7 and 823666228.
7
Calculate the highest common divisor of 2496651 and 3.
3
Calculate the highest common factor of 314 and 3532814.
314
What is the highest common factor of 1256615908 and 4804?
4804
Calculate the highest common factor of 538 and 73633908.
538
Calculate the highest common divisor of 55519035 and 127050.
1815
What is the greatest common divisor of 18144772 and 76?
76
Calculate the highest common factor of 99561 and 23331.
231
What is the highest common divisor of 74377583 and 292?
73
Calculate the greatest common factor of 12341 and 192167.
1763
What is the highest common divisor of 7014 and 78153495?
3507
Calculate the greatest common factor of 172452708 and 5328.
1332
What is the highest common factor of 7029337 and 5936?
371
What is the greatest common factor of 184295895 and 1449?
483
Calculate the greatest common factor of 369111539 and 94.
47
Calculate the highest common factor of 15 and 476053995.
15
What is the highest common divisor of 902322996 and 114?
114
What is the highest common divisor of 36 and 191161953?
9
Calculate the greatest common divisor of 21200 and 3920.
80
Calculate the greatest common divisor of 30041900 and 63700.
4900
What is the highest common divisor of 33661305 and 293?
293
What is the greatest common factor of 38920 and 1336346?
278
Calculate the greatest common factor of 21775 and 8576000.
1675
Calculate the highest common divisor of 75811557 and 34131.
1101
Calculate the greatest common divisor of 104082 and 12661638.
1254
What is the highest common factor of 838111 and 1030?
103
Calculate the highest common divisor of 24466 and 26546.
26
Calculate the highest common factor of 511 and 4011277.
73
What is the greatest common factor of 262545 and 28014?
69
What is the greatest common divisor of 809965 and 195?
65
What is the highest common factor of 1980 and 471885084?
396
What is the greatest common factor of 9888 and 501911584?
3296
Calculate the greatest common factor of 17740402 and 297728.
2326
What is the highest common divisor of 77693 and 477631?
77
What is the highest common divisor of 109746 and 805?
7
What is the greatest common factor of 10004 and 572593946?
5002
Calculate the highest common factor of 100 and 626175.
25
Calculate the greatest common factor of 1217768 and 399648.
1448
What is the highest common factor of 4590 and 3473280?
270
Calculate the highest common factor of 12840 and 1395815.
535
Calculate the highest common divisor of 42 and 7683402.
6
What is the highest common divisor of 180 and 4623960?
60
Calculate the greatest common factor of 3379225 and 1011200.
1975
Calculate the highest common factor of 336 and 9768402.
42
Calculate the highest common divisor of 1677543 and 105043.
629
Calculate the greatest common divisor of 72 and 2157948.
36
What is the greatest common divisor of 670 and 17945800?
10
What is the greatest common factor of 295290 and 8145?
45
What is the greatest common factor of 1471546 and 2219531?
3053
What is the greatest common divisor of 1696355 and 27695?
145
What is the greatest common factor of 56 and 457700?
4
Calculate the highest common divisor of 17784 and 69996.
228
What is the greatest common factor of 387884 and 48853?
49
Calculate the greatest common divisor of 1334007 and 1683.
153
What is the highest common factor of 45 and 9617730?
15
Calculate the highest common factor of 5002635 and 3795.
165
What is the highest common divisor of 26093991 and 693?
231
What is the greatest common factor of 178440 and 22845?
15
What is the greatest common divisor of 42 and 87210648?
42
Calculate the greatest common divisor of 2285296 and 1072.
16
What is the greatest common divisor of 2026800 and 753600?
1200
Calculate the highest common factor of 1264200 and 1032.
1032
What is the highest common factor of 581 and 400882447?
581
Calculate the greatest common divisor of 98 and 20307805.
49
What is the highest common divisor of 3528294 and 3?
3
What is the highest common factor of 433030 and 8125?
65
Calculate the greatest common divisor of 2600448 and 1920.
384
Calculate the greatest common divisor of 14401584 and 9010.
1802
Calculate the highest common divisor of 7736 and 318670982.
1934
Calculate the highest common factor of 5394 and 77951391.
2697
What is the highest common divisor of 3547206 and 23114?
26
What is the highest common divisor of 34 and 138670734?
34
Calculate the highest common divisor of 26 and 16469206.
26
Calculate the highest common divisor of 27438 and 2296722.
1614
What is the greatest common factor of 8089514 and 92?
46
What is the greatest common divisor of 77158 and 1596790?
346
What is the greatest common divisor of 10061311 and 13?
13
Calculate the greatest common factor of 457487 and 77567.
1583
Calculate the greatest common factor of 513 and 1069783182.
171
What is the highest common divisor of 21 and 100474171?
7
What is the highest common factor of 32571 and 365472?
423
Calculate the greatest common divisor of 60 and 12879084.
12
What is the highest common factor of 87 and 50940588?
87
Calculate the greatest common factor of 2605 and 17114850.
2605
Calculate the greatest common factor of 129 and 39389290.
43
What is the highest common divisor of 19630 and 11929?
151
What is the greatest common factor of 26746 and 737106?
86
Calculate the highest common divisor of 2965803 and 901.
17
What is the greatest common factor of 1416 and 37176?
24
What is the highest common factor of 1540 and 12648460?
220
Calculate the greatest common factor of 79703470 and 220.
110
What is the highest common factor of 2314 and 72722?
26
Calculate the greatest common divisor of 170775 and 93372525.
5175
What is the highest common divisor of 40264 and 31020536?
5752
Calculate the greatest common divisor of 3980 and 304288910.
1990
What is the greatest common divisor of 235482218 and 3254?
3254
What is the highest common factor of 108 and 135932796?
108
Calculate the greatest common divisor of 60673968 and 432.
432
Calculate the highest common divisor of 1273200 and 96.
48
Calculate the highest common divisor of 2700070 and 15440.
1930
What is the highest common divisor of 1217674 and 11029861?
14159
What is the highest common divisor of 3190984 and 2259388?
10708
What is the greatest common divisor of 1032 and 93154426?
86
What is the highest common factor of 506577 and 2095914?
3867
What is the highest common divisor of 26035 and 40761585?
205
Calculate the highest common divisor of 2166621 and 33.
3
What is the highest common factor of 152 and 1398818?
38
Calculate the highest common factor of 28851 and 655260.
489
Calculate the highest common factor of 119879816 and 154.
14
Calculate the highest common factor of 513352 and 31192.
56
Calculate the highest common factor of 38199086 and 3964.
1982
Calculate the greatest common factor of 309263 and 912.
19
Calculate the highest common divisor of 13 and 9841260.
13
What is the highest common divisor of 17764032 and 260?
52
What is the highest common divisor of 563872 and 1072